325?
25
Calculate the highest common factor of 350 and 453782.
14
What is the greatest common divisor of 10184074 and 110189?
251
What is the highest common factor of 420879 and 10755?
717
What is the highest common divisor of 621 and 3030411?
69
Calculate the greatest common factor of 209 and 6916536.
11
Calculate the highest common factor of 24206545 and 15.
5
What is the highest common divisor of 5857711 and 82?
41
Calculate the greatest common factor of 117960797 and 133.
19
What is the highest common factor of 379107 and 415017?
513
Calculate the highest common divisor of 110 and 4242040.
110
What is the highest common factor of 1144378 and 15194?
142
Calculate the highest common divisor of 90778213 and 7513.
683
Calculate the greatest common factor of 412480 and 6020.
20
What is the greatest common factor of 110096263 and 83?
83
What is the greatest common divisor of 218601 and 85707?
963
What is the highest common factor of 6462 and 3096?
18
Calculate the greatest common divisor of 1205 and 20023726.
241
What is the highest common factor of 288611 and 359360?
1123
Calculate the greatest common factor of 834800 and 10000.
400
What is the greatest common divisor of 1132486 and 2486?
226
What is the highest common factor of 6980325 and 300?
75
What is the highest common divisor of 178 and 5576206?
178
What is the greatest common divisor of 333230 and 81310?
470
Calculate the greatest common factor of 22680 and 15900192.
1512
What is the greatest common factor of 720 and 1621548?
36
What is the highest common divisor of 5606 and 41397507?
2803
Calculate the greatest common divisor of 2822352 and 2964.
156
Calculate the highest common divisor of 104 and 1732832.
8
What is the greatest common factor of 48915 and 405?
45
Calculate the highest common factor of 15628 and 268922717.
3907
Calculate the highest common factor of 5832 and 15049206.
54
Calculate the greatest common factor of 2898571 and 247.
13
Calculate the greatest common divisor of 996624207 and 1611.
1611
Calculate the highest common factor of 917487 and 2428866.
3807
What is the highest common divisor of 38180 and 104075?
115
Calculate the greatest common divisor of 24700 and 104289575.
6175
What is the highest common divisor of 444 and 111573648?
444
What is the highest common factor of 15283 and 812753?
17
What is the highest common factor of 14877 and 8044049?
551
Calculate the greatest common divisor of 84572 and 172.
4
What is the greatest common factor of 332992 and 10503438?
946
Calculate the greatest common divisor of 6395 and 6691728.
1279
Calculate the highest common factor of 11564 and 4783956.
236
Calculate the greatest common divisor of 480 and 55575480.
120
What is the highest common factor of 902 and 19484102?
902
What is the greatest common divisor of 57184254 and 24066?
3438
Calculate the greatest common divisor of 997940 and 1410.
10
Calculate the highest common factor of 12795008 and 704.
64
Calculate the highest common factor of 2903029 and 1121.
19
What is the greatest common divisor of 10 and 1173190?
10
What is the greatest common factor of 4552 and 8085490?
1138
Calculate the highest common divisor of 1183 and 3737942.
169
Calculate the highest common factor of 213 and 4984697.
71
What is the highest common divisor of 946 and 262331003?
473
Calculate the highest common divisor of 876584 and 8848.
632
What is the highest common divisor of 208 and 195337168?
208
Calculate the highest common divisor of 30710 and 129500.
370
Calculate the greatest common factor of 91341 and 561357.
459
Calculate the highest common factor of 1751223 and 957.
87
What is the highest common divisor of 1078 and 632257241?
539
Calculate the greatest common divisor of 78280 and 42655.
95
Calculate the highest common divisor of 150 and 3404406.
6
What is the greatest common factor of 34272 and 13532340?
204
What is the highest common factor of 11148235 and 245?
245
Calculate the greatest common factor of 1882806289 and 767.
767
What is the greatest common factor of 127 and 357447469?
127
What is the highest common divisor of 13910 and 1135?
5
What is the greatest common divisor of 50 and 1883360?
10
What is the greatest common factor of 684 and 201573508?
76
Calculate the greatest common factor of 66648220 and 20.
20
What is the highest common divisor of 394 and 116188827?
197
Calculate the highest common divisor of 178346840 and 1360.
40
What is the greatest common factor of 156661 and 1025?
41
Calculate the greatest common divisor of 3352358 and 334.
334
What is the highest common factor of 3715131 and 2303?
49
What is the greatest common factor of 71 and 57724207?
71
What is the greatest common factor of 713550 and 184920?
2010
What is the highest common divisor of 2158978 and 8362?
226
What is the greatest common divisor of 21382014 and 10758?
978
Calculate the highest common divisor of 54735634 and 382.
382
Calculate the highest common divisor of 1989 and 9508083.
663
What is the greatest common divisor of 13835 and 33616283?
2767
Calculate the highest common factor of 11102 and 801906.
854
What is the greatest common factor of 5880 and 25891600?
1960
What is the greatest common divisor of 25259819 and 6279?
299
Calculate the greatest common factor of 1400 and 142135560.
280
What is the highest common factor of 167054183 and 43?
43
Calculate the highest common factor of 4872 and 5840716.
812
Calculate the highest common factor of 666 and 12551103.
333
Calculate the greatest common divisor of 3819429 and 27.
9
What is the greatest common divisor of 6028043 and 1050?
7
What is the greatest common factor of 1592770 and 1165237?
8383
Calculate the highest common divisor of 12661 and 16489.
11
Calculate the greatest common factor of 3565664 and 12.
4
Calculate the greatest common factor of 25 and 45590.
5
What is the highest common divisor of 26 and 105617291?
13
What is the greatest common factor of 396192456 and 176?
88
Calculate the greatest common factor of 43667325 and 117.
117
What is the greatest common factor of 126 and 1121967?
63
Calculate the highest common divisor of 374304 and 945.
21
What is the greatest common factor of 167140 and 1570020?
2740
Calculate the greatest common divisor of 107082 and 8424.
162
Calculate the highest common factor of 2613 and 7268001.
39
Calculate the greatest common divisor of 694532694 and 11474.
11474
What is the highest common divisor of 10800 and 58322160?
2160
Calculate the highest common divisor of 3805241 and 3498.
583
What is the highest common factor of 3094 and 30993326?
182
Calculate the highest common factor of 4173 and 14419641.
321
What is the greatest common divisor of 405 and 991035945?
135
What is the greatest common factor of 492 and 79113846?
246
What is the highest common divisor of 1196 and 1519047673?
299
Calculate the highest common factor of 29380 and 3382340.
260
What is the greatest common factor of 4940 and 398138312?
988
Calculate the highest common factor of 293 and 194338989.
293
Calculate the highest common factor of 230460 and 6180169.
3841
What is the greatest common factor of 3192 and 29469608?
1064
What is the greatest common divisor of 1312 and 47794848?
1312
Calculate the greatest common factor of 34870693 and 286.
143
What is the highest common divisor of 739905 and 7383?
321
Calculate the greatest common divisor of 805 and 192494820.
805
What is the greatest common divisor of 51030 and 216990?
90
Calculate the highest common factor of 53 and 84893.
1
What is the highest common divisor of 77 and 16037725?
11
Calculate the greatest common divisor of 38922 and 212966.
26
What is the greatest common factor of 87615 and 10080045?
135
Calculate the greatest common divisor of 22597 and 122189.
59
What is the greatest common factor of 4410 and 11477655?
315
What is the highest common factor of 1039882469 and 1046?
523
What is the highest common factor of 755 and 23881707?
151
What is the greatest common factor of 43188 and 540216?
732
Calculate the greatest common divisor of 1610671 and 2033.
107
Calculate the greatest common divisor of 120 and 49003530.
30
Calculate the highest common factor of 36 and 89522802.
18
Calculate the greatest common divisor of 28122 and 75266898.
654
Calculate the greatest commo